{"id":22,"date":"2023-04-04T12:07:12","date_gmt":"2023-04-04T10:07:12","guid":{"rendered":"https:\/\/hestija5.wordpress.com\/?page_id=12"},"modified":"2023-05-18T12:42:11","modified_gmt":"2023-05-18T12:42:11","slug":"home","status":"publish","type":"page","link":"https:\/\/hestijaudruzenje.rs\/","title":{"rendered":""},"content":{"rendered":"<form role=\"search\" method=\"get\" action=\"https:\/\/hestijaudruzenje.rs\/\" class=\"wp-block-search__button-inside wp-block-search__icon-button alignright wp-block-search\"><label for=\"wp-block-search__input-1\" class=\"wp-block-search__label screen-reader-text\">Search<\/label><div class=\"wp-block-search__inside-wrapper \"  style=\"width: 100%;border-top-width: 0px;border-right-width: 0px;border-bottom-width: 0px;border-left-width: 0px;border-top-style: none;border-right-style: none;border-bottom-style: none;border-left-style: none;border-radius: calc(11px + 4px)\"><input type=\"search\" id=\"wp-block-search__input-1\" class=\"wp-block-search__input has-huge-font-size\" name=\"s\" value=\"\" placeholder=\"\"  style=\"border-radius: 11px\" required \/><button type=\"submit\" class=\"wp-block-search__button has-background has-huge-font-size has-icon wp-element-button\"  style=\"border-radius: 11px;background-color: #706363\" aria-label=\"Search\"><svg class=\"search-icon\" viewBox=\"0 0 24 24\" width=\"24\" height=\"24\">\n\t\t\t\t\t<path d=\"M13.5 6C10.5 6 8 8.5 8 11.5c0 1.1.3 2.1.9 3l-3.4 3 1 1.1 3.4-2.9c1 .9 2.2 1.4 3.6 1.4 3 0 5.5-2.5 5.5-5.5C19 8.5 16.5 6 13.5 6zm0 9.5c-2.2 0-4-1.8-4-4s1.8-4 4-4 4 1.8 4 4-1.8 4-4 4z\"><\/path>\n\t\t\t\t<\/svg><\/button><\/div><\/form>\n\n\n<div class=\"wp-block-buttons is-layout-flex\">\n<div class=\"wp-block-button has-custom-width wp-block-button__width-25 has-custom-font-size has-small-font-size\"><a class=\"wp-block-button__link has-background wp-element-button\" href=\"https:\/\/hestijaudruzenje.rs\/?page_id=472\" style=\"background-color:#706363\">Testiraj se<\/a><\/div>\n\n\n\n<div class=\"wp-block-button has-custom-width wp-block-button__width-25 has-custom-font-size has-small-font-size\"><a class=\"wp-block-button__link has-background wp-element-button\" href=\"https:\/\/hestijaudruzenje.rs\/?page_id=619\" style=\"background-color:#706363\">Vodi\u010d za roditelje<\/a><\/div>\n<\/div>\n\n\n\n<div style=\"height:32px\" aria-hidden=\"true\" class=\"wp-block-spacer\"><\/div>\n\n\n\n<div class=\"wp-block-cover alignfull is-light\" style=\"min-height:694px\"><span aria-hidden=\"true\" class=\"wp-block-cover__background has-foreground-background-color has-background-dim-40 has-background-dim\"><\/span><img decoding=\"async\" class=\"wp-block-cover__image-background wp-image-49\" alt=\"\" src=\"https:\/\/hestijaudruzenje.rs\/wp-content\/uploads\/2023\/04\/pexels-photo-461049-1-1.jpeg\" style=\"object-position:67% 80%\" data-object-fit=\"cover\" data-object-position=\"67% 80%\"\/><div class=\"wp-block-cover__inner-container\">\n<p class=\"has-text-align-center has-text-color has-huge-font-size\" style=\"color:#d9d3d3\">H E S T I J A<\/p>\n\n\n\n<p class=\"has-text-align-center has-background-color has-text-color has-small-font-size\">Podr\u0161ka je va\u017ena!<\/p>\n\n\n\n<div class=\"wp-block-button aligncenter\"><a class=\"wp-block-button__link has-text-color has-background wp-element-button\" href=\"https:\/\/hestijaudruzenje.rs\/?page_id=429\" style=\"color:#cfc6c6;background-color:#706363\">Na\u0161e aktivnosti<\/a><\/div>\n<\/div><\/div>\n\n\n\n<p><\/p>\n\n\n\n<p class=\"has-text-align-center has-large-font-size\">Poreme\u0107aji u ishrani su ozbiljna psiholo\u0161ka oboljenja. Va\u017eno je da potra\u017eite stru\u010dnu pomo\u0107 u slu\u010daju da imate opsesivni strah od hrane! <\/p>\n\n\n\n<p class=\"has-text-align-center has-large-font-size\">Za vi\u0161e informacija <a href=\"https:\/\/hestijaudruzenje.rs\/?page_id=9\">kontaktirajte nas<\/a>!<\/p>\n\n\n\n<div style=\"height:32px\" aria-hidden=\"true\" class=\"wp-block-spacer\"><\/div>\n\n\n\n<div class=\"wp-block-columns alignwide are-vertically-aligned-center is-layout-flex wp-container-5\">\n<div class=\"wp-block-column is-vertically-aligned-center is-layout-flow\">\n<h4 class=\"wp-block-heading has-text-color has-huge-font-size\" style=\"color:#534b4b\">Stru\u010dna pomo\u0107<\/h4>\n\n\n\n<p>Ukoliko imate poreme\u0107aj u ishrani, potrebna je pomo\u0107 tima stru\u010dnjaka iz raznih oblasti.<\/p>\n\n\n\n<div class=\"wp-block-button has-custom-width wp-block-button__width-50\"><a class=\"wp-block-button__link has-background wp-element-button\" href=\"https:\/\/hestijaudruzenje.rs\/?page_id=202\" style=\"background-color:#706363\">VI\u0160E O TOME<\/a><\/div>\n<\/div>\n\n\n\n<div class=\"wp-block-column is-vertically-aligned-center is-layout-flow\">\n<figure class=\"wp-block-image size-large is-resized\"><img decoding=\"async\" loading=\"lazy\" src=\"https:\/\/hestijaudruzenje.rs\/wp-content\/uploads\/2023\/04\/pexels-photo-4672720.jpeg?w=750\" alt=\"\" class=\"wp-image-16\" width=\"526\" height=\"350\"\/><\/figure>\n<\/div>\n<\/div>\n\n\n\n<div class=\"wp-block-columns alignwide are-vertically-aligned-center is-layout-flex wp-container-8\">\n<div class=\"wp-block-column is-vertically-aligned-center is-layout-flow\">\n<h4 class=\"wp-block-heading has-text-color\" style=\"color:#615757\">Iskustva u borbi sa poreme\u0107ajima u ishrani<\/h4>\n\n\n\n<p>Mogu\u0107e je izle\u010denje, ma koliko Vam to izgledalo nemogu\u0107e. Neka iskustva svedo\u010de o tome.<\/p>\n\n\n\n<div class=\"wp-block-button has-custom-width wp-block-button__width-50\"><a class=\"wp-block-button__link has-background wp-element-button\" href=\"https:\/\/hestijaudruzenje.rs\/?page_id=314\" style=\"background-color:#706363\">PRO\u010cITAJ VI\u0160E<\/a><\/div>\n<\/div>\n\n\n\n<div class=\"wp-block-column is-vertically-aligned-center is-layout-flow\">\n<figure class=\"wp-block-image size-large is-resized\"><img decoding=\"async\" loading=\"lazy\" src=\"https:\/\/hestijaudruzenje.rs\/wp-content\/uploads\/2023\/04\/pexels-photo-1083981.jpeg?w=750\" alt=\"\" class=\"wp-image-20\" width=\"527\" height=\"351\"\/><\/figure>\n<\/div>\n<\/div>\n\n\n\n<div class=\"wp-block-columns alignwide is-layout-flex wp-container-12\">\n<div class=\"wp-block-column is-layout-flow\">\n<p class=\"has-text-color has-large-font-size\" style=\"color:#615757\"><strong>Video zapisi<\/strong><\/p>\n\n\n\n<p>Ovde mo\u017eete pogledati emisije i gostovanja<\/p>\n\n\n\n<div class=\"wp-block-buttons alignwide is-content-justification-left is-layout-flex wp-container-9\">\n<div class=\"wp-block-button\"><a class=\"wp-block-button__link has-background has-text-align-left wp-element-button\" href=\"https:\/\/hestijaudruzenje.rs\/?page_id=527\" style=\"background-color:#706363\">POGLEDAJ<\/a><\/div>\n<\/div>\n<\/div>\n\n\n\n<div class=\"wp-block-column is-layout-flow\">\n<figure class=\"wp-block-image size-full\"><img decoding=\"async\" src=\"https:\/\/hestijaudruzenje.rs\/wp-content\/uploads\/2023\/04\/pexels-photo-5721881.jpeg\" alt=\"\" class=\"wp-image-544\"\/><\/figure>\n<\/div>\n<\/div>\n\n\n\n<div class=\"wp-block-group alignfull has-background-light-background-color has-background is-layout-flow\"><div class=\"wp-block-group__inner-container\">\n<div class=\"wp-block-columns alignwide is-layout-flex wp-container-16\">\n<div class=\"wp-block-column is-layout-flow\">\n<h6 class=\"wp-block-heading has-text-align-center has-foreground-color has-text-color\">DONIRAJ!<\/h6>\n\n\n\n<div class=\"wp-block-button aligncenter\"><a class=\"wp-block-button__link has-text-color has-background wp-element-button\" href=\"https:\/\/hestijaudruzenje.rs\/?page_id=170\" style=\"color:#e9dddd;background-color:#706363\">Doniraj<\/a><\/div>\n<\/div>\n\n\n\n<div class=\"wp-block-column is-layout-flow\">\n<h6 class=\"wp-block-heading has-text-align-center\">KORISNI LINKOVI<\/h6>\n\n\n\n<div class=\"wp-block-button aligncenter\"><a class=\"wp-block-button__link has-text-color has-background wp-element-button\" href=\"https:\/\/hestijaudruzenje.rs\/?page_id=163\" style=\"color:#ded2d2;background-color:#706363\">Korisni linkovi<\/a><\/div>\n<\/div>\n\n\n\n<div class=\"wp-block-column is-layout-flow\">\n<h6 class=\"wp-block-heading has-text-align-center\">FAQ<\/h6>\n\n\n\n<div class=\"wp-block-button aligncenter is-style-outline\"><a class=\"wp-block-button__link has-text-color has-background wp-element-button\" href=\"https:\/\/hestijaudruzenje.rs\/?page_id=140\" style=\"color:#e4dbdb;background-color:#706363\">FAQ<\/a><\/div>\n<\/div>\n<\/div>\n<\/div><\/div>\n\n\n\n<div class=\"wp-block-group alignfull has-background is-layout-flow\" style=\"background-color:#857e7e\"><div class=\"wp-block-group__inner-container\">\n<div style=\"height:32px\" aria-hidden=\"true\" class=\"wp-block-spacer\"><\/div>\n\n\n\n<div class=\"wp-block-columns alignwide is-layout-flex wp-container-21\">\n<div class=\"wp-block-column is-layout-flow\">\n<h2 class=\"wp-block-heading has-background-dark-color has-text-color\">HESTIJA<\/h2>\n\n\n\n<p class=\"has-background-color has-text-color\"><em>Udru\u017eenje osnovano 2022.<\/em> <\/p>\n\n\n\n<p class=\"has-background-color has-text-color\"><em>za podr\u0161ku obolelima od<\/em><\/p>\n\n\n\n<p class=\"has-background-color has-text-color\"><em>poreme\u0107aja u ishrani<\/em><\/p>\n<\/div>\n\n\n\n<div class=\"wp-block-column has-background is-layout-flow\" style=\"background-color:#857e7e\">\n<p class=\"has-background-color has-text-color\"><em>Imate li pitanja?<\/em><\/p>\n\n\n\n<p class=\"has-secondary-color has-text-color has-link-color wp-elements-12c56946b652130ed69c9fa5046d43f8\"><a href=\"mailto:hestija5@gmail.com\">hestija5@gmail.com<\/a><\/p>\n\n\n\n<ul class=\"wp-block-social-links is-layout-flex\"><li class=\"wp-social-link wp-social-link-facebook wp-block-social-link\"><a href=\"https:\/\/www.facebook.com\/groups\/443670727654812\" class=\"wp-block-social-link-anchor\"><svg width=\"24\" height=\"24\" viewBox=\"0 0 24 24\" version=\"1.1\" xmlns=\"http:\/\/www.w3.org\/2000\/svg\" aria-hidden=\"true\" focusable=\"false\"><path d=\"M12 2C6.5 2 2 6.5 2 12c0 5 3.7 9.1 8.4 9.9v-7H7.9V12h2.5V9.8c0-2.5 1.5-3.9 3.8-3.9 1.1 0 2.2.2 2.2.2v2.5h-1.3c-1.2 0-1.6.8-1.6 1.6V12h2.8l-.4 2.9h-2.3v7C18.3 21.1 22 17 22 12c0-5.5-4.5-10-10-10z\"><\/path><\/svg><span class=\"wp-block-social-link-label screen-reader-text\">Facebook<\/span><\/a><\/li>\n\n<li class=\"wp-social-link wp-social-link-instagram wp-block-social-link\"><a href=\"https:\/\/www.instagram.com\/_hestija\/\" class=\"wp-block-social-link-anchor\"><svg width=\"24\" height=\"24\" viewBox=\"0 0 24 24\" version=\"1.1\" xmlns=\"http:\/\/www.w3.org\/2000\/svg\" aria-hidden=\"true\" focusable=\"false\"><path d=\"M12,4.622c2.403,0,2.688,0.009,3.637,0.052c0.877,0.04,1.354,0.187,1.671,0.31c0.42,0.163,0.72,0.358,1.035,0.673 c0.315,0.315,0.51,0.615,0.673,1.035c0.123,0.317,0.27,0.794,0.31,1.671c0.043,0.949,0.052,1.234,0.052,3.637 s-0.009,2.688-0.052,3.637c-0.04,0.877-0.187,1.354-0.31,1.671c-0.163,0.42-0.358,0.72-0.673,1.035 c-0.315,0.315-0.615,0.51-1.035,0.673c-0.317,0.123-0.794,0.27-1.671,0.31c-0.949,0.043-1.233,0.052-3.637,0.052 s-2.688-0.009-3.637-0.052c-0.877-0.04-1.354-0.187-1.671-0.31c-0.42-0.163-0.72-0.358-1.035-0.673 c-0.315-0.315-0.51-0.615-0.673-1.035c-0.123-0.317-0.27-0.794-0.31-1.671C4.631,14.688,4.622,14.403,4.622,12 s0.009-2.688,0.052-3.637c0.04-0.877,0.187-1.354,0.31-1.671c0.163-0.42,0.358-0.72,0.673-1.035 c0.315-0.315,0.615-0.51,1.035-0.673c0.317-0.123,0.794-0.27,1.671-0.31C9.312,4.631,9.597,4.622,12,4.622 M12,3 C9.556,3,9.249,3.01,8.289,3.054C7.331,3.098,6.677,3.25,6.105,3.472C5.513,3.702,5.011,4.01,4.511,4.511 c-0.5,0.5-0.808,1.002-1.038,1.594C3.25,6.677,3.098,7.331,3.054,8.289C3.01,9.249,3,9.556,3,12c0,2.444,0.01,2.751,0.054,3.711 c0.044,0.958,0.196,1.612,0.418,2.185c0.23,0.592,0.538,1.094,1.038,1.594c0.5,0.5,1.002,0.808,1.594,1.038 c0.572,0.222,1.227,0.375,2.185,0.418C9.249,20.99,9.556,21,12,21s2.751-0.01,3.711-0.054c0.958-0.044,1.612-0.196,2.185-0.418 c0.592-0.23,1.094-0.538,1.594-1.038c0.5-0.5,0.808-1.002,1.038-1.594c0.222-0.572,0.375-1.227,0.418-2.185 C20.99,14.751,21,14.444,21,12s-0.01-2.751-0.054-3.711c-0.044-0.958-0.196-1.612-0.418-2.185c-0.23-0.592-0.538-1.094-1.038-1.594 c-0.5-0.5-1.002-0.808-1.594-1.038c-0.572-0.222-1.227-0.375-2.185-0.418C14.751,3.01,14.444,3,12,3L12,3z M12,7.378 c-2.552,0-4.622,2.069-4.622,4.622S9.448,16.622,12,16.622s4.622-2.069,4.622-4.622S14.552,7.378,12,7.378z M12,15 c-1.657,0-3-1.343-3-3s1.343-3,3-3s3,1.343,3,3S13.657,15,12,15z M16.804,6.116c-0.596,0-1.08,0.484-1.08,1.08 s0.484,1.08,1.08,1.08c0.596,0,1.08-0.484,1.08-1.08S17.401,6.116,16.804,6.116z\"><\/path><\/svg><span class=\"wp-block-social-link-label screen-reader-text\">Instagram<\/span><\/a><\/li><\/ul>\n\n\n\n<p><\/p>\n<\/div>\n<\/div>\n\n\n\n<div style=\"height:32px\" aria-hidden=\"true\" class=\"wp-block-spacer\"><\/div>\n<\/div><\/div>\n\n\n\n<p><\/p>\n","protected":false},"excerpt":{"rendered":"<p>Poreme\u0107aji u ishrani su ozbiljna psiholo\u0161ka oboljenja. Va\u017eno je da potra\u017eite stru\u010dnu pomo\u0107 u slu\u010daju da imate opsesivni strah od hrane! Za vi\u0161e informacija kontaktirajte nas! Stru\u010dna pomo\u0107 Ukoliko imate poreme\u0107aj u ishrani, potrebna je pomo\u0107 tima stru\u010dnjaka iz raznih oblasti. Iskustva u borbi sa poreme\u0107ajima u ishrani Mogu\u0107e je izle\u010denje, ma koliko Vam to<a class=\"more-link\" href=\"https:\/\/hestijaudruzenje.rs\/\">Continue reading <\/a><\/p>\n","protected":false},"author":1,"featured_media":0,"parent":0,"menu_order":0,"comment_status":"closed","ping_status":"closed","template":"","meta":[],"_links":{"self":[{"href":"https:\/\/hestijaudruzenje.rs\/index.php?rest_route=\/wp\/v2\/pages\/22"}],"collection":[{"href":"https:\/\/hestijaudruzenje.rs\/index.php?rest_route=\/wp\/v2\/pages"}],"about":[{"href":"https:\/\/hestijaudruzenje.rs\/index.php?rest_route=\/wp\/v2\/types\/page"}],"author":[{"embeddable":true,"href":"https:\/\/hestijaudruzenje.rs\/index.php?rest_route=\/wp\/v2\/users\/1"}],"replies":[{"embeddable":true,"href":"https:\/\/hestijaudruzenje.rs\/index.php?rest_route=%2Fwp%2Fv2%2Fcomments&post=22"}],"version-history":[{"count":14,"href":"https:\/\/hestijaudruzenje.rs\/index.php?rest_route=\/wp\/v2\/pages\/22\/revisions"}],"predecessor-version":[{"id":631,"href":"https:\/\/hestijaudruzenje.rs\/index.php?rest_route=\/wp\/v2\/pages\/22\/revisions\/631"}],"wp:attachment":[{"href":"https:\/\/hestijaudruzenje.rs\/index.php?rest_route=%2Fwp%2Fv2%2Fmedia&parent=22"}],"curies":[{"name":"wp","href":"https:\/\/api.w.org\/{rel}","templated":true}]}}