{"id":322,"date":"2023-04-10T15:45:59","date_gmt":"2023-04-10T13:45:59","guid":{"rendered":"https:\/\/hestija5.wordpress.com\/?page_id=322"},"modified":"2023-04-10T15:45:59","modified_gmt":"2023-04-10T13:45:59","slug":"jedno-iskustvo","status":"publish","type":"page","link":"https:\/\/hestijaudruzenje.rs\/?page_id=322","title":{"rendered":"Jedno iskustvo"},"content":{"rendered":"\n<div class=\"wp-block-group is-layout-constrained\"><div class=\"wp-block-group__inner-container\"><div class=\"wp-block-image is-style-rounded\">\n<figure class=\"alignleft size-medium\"><img decoding=\"async\" src=\"https:\/\/hestijaudruzenje.rs\/wp-content\/uploads\/2023\/04\/iskustva1-1-2.png?w=300\" alt=\"\" class=\"wp-image-323\" \/><\/figure><\/div><\/div><\/div>\n\n\n\n<p><\/p>\n\n\n\n<p class=\"has-small-font-size\">Pismo jedne Sare<\/p>\n\n\n\n<p class=\"has-small-font-size\">&#8220;Zasto mi je dijagnoza najbolja stvar u \u017eivotu&#8221;<\/p>\n\n\n\n<p class=\"has-small-font-size\">&#8220;Od kada sam bila tinejd\u017eerka, odnos sa mojim telom je uvek bio problemati\u010dan. Od malih nogu su me u\u010dili da se moja dostojnost smatra na osnovu mog izgleda. A onda je bilo hrane. Hrana je bila tu za mene kada mi je bila potrebna uteha, bila je tu da ubla\u017ei bol. Koristila sam je da otupim ose\u0107aj neadekvatnosti i svoj nefunkcionalan \u017eivot u ku\u0107i.<\/p>\n\n\n\n<p class=\"has-small-font-size\">Moje <a><\/a>najranije se\u0107anje na prejedanje bilo je kada sam imala 16 godina. Razvila sam prijateljstvo sa hranom. Ute\u0161ila me je kada niko drugi nije mogao, odagnala moje ose\u0107anje bezna\u0111a i nedostojnosti.<\/p>\n\n\n\n<p class=\"has-small-font-size\">Godinama sam surfovala na talasima svog poreme\u0107aja u ishrani, a da to nisam ni znala. Postojali bi periodi prejedanja i onda bih pre\u0161la u re\u017eim ograni\u010denja. O\u010dajni\u010dki \u017eele\u0107i da smr\u0161am, probala sam dijetu, \u0161ejkove, pilule, planove obroka, re\u017eime u teretani..povra\u0107anje&#8230; Ali ni\u0161ta nije uspelo, bio je to za\u010darani krug.<\/p>\n\n\n\n<p class=\"has-small-font-size\">Uvek sam znala da ono \u0161to radim nije u redu, ali nisam ta\u010dno znala \u0161ta nije u redu. Godine bezbrojnih pregleda kod doktora i savetovanja, niko nije prepoznao moj problem. Svaki put kada sam stala na stra\u0161nu vagu u ordinaciji, re\u010deno mi je da \u201evi\u0161e ve\u017ebam i jedem zdravije\u201c.<\/p>\n\n\n\n<p class=\"has-small-font-size\">Tokom 12 godina, moja povra\u0107anja hrane su bila moja najdublja i najmra\u010dnija tajna. Provela sam 12 godina svog \u017eivota ose\u0107aju\u0107i apsolutno ga\u0111enje prema sebi i svojoj navici. Ose\u0107ala sam se kao da ne mogu da se kontroli\u0161em.<\/p>\n\n\n\n<p class=\"has-small-font-size\">Sada se vi\u0161e nije radilo o tome da sam ono \u0161to je dru\u0161tvo stereotipno smatralo debelim, lenjim i nemotivisanim, ne\u0161to nije bilo u redu i trebala mi je pomo\u0107.<\/p>\n\n\n\n<p class=\"has-small-font-size\">Prejedanja su preuzimala moj \u017eivot, borila sam se sa svojim mentalnim zdravljem i svakodnevno ubla\u017eavala bolove hranom. Poverila sam se svom psihologu i ona me je uputila kod stru\u010dnjaka specijalizovanog za poremecaje ishrane. To je bio moj trenutak za slavljenje! Kona\u010dno je imalo smisla.<\/p>\n\n\n\n<p class=\"has-small-font-size\">TREBALO JE NEKO DA MI KA\u017dE PRAVIM IMENOM! BOLESNA SI I LE\u010cI\u0106E\u0160 SE.<\/p>\n\n\n\n<p class=\"has-small-font-size\">Dijagnoza je najbolja stvar koja mi se dogodila. Stavljanje imena u moju najve\u0107u tajnu promenilo mi je \u017eivot.<\/p>\n\n\n\n<p class=\"has-small-font-size\">Ne samo \u0161to se sada le\u010dim od poreme\u0107aja prejedanja, ve\u0107 znaju\u0107i da nisam jedina kojoj je neko pomogao da se otklone krivica i stid koji sam tako duboko ose\u0107ala ve\u0107 12 godina.<\/p>\n\n\n\n<p class=\"has-small-font-size\">I prvi put u \u017eivotu moja te\u017eina nije prioritet, oporavak jeste.&#8221;<\/p>\n","protected":false},"excerpt":{"rendered":"<p>Pismo jedne Sare &#8220;Zasto mi je dijagnoza najbolja stvar u \u017eivotu&#8221; &#8220;Od kada sam bila tinejd\u017eerka, odnos sa mojim telom je uvek bio problemati\u010dan. Od malih nogu su me u\u010dili da se moja dostojnost smatra na osnovu mog izgleda. A onda je bilo hrane. Hrana je bila tu za mene kada mi je bila potrebna<a class=\"more-link\" href=\"https:\/\/hestijaudruzenje.rs\/?page_id=322\">Continue reading <span class=\"screen-reader-text\">&#8220;Jedno iskustvo&#8221;<\/span><\/a><\/p>\n","protected":false},"author":1,"featured_media":0,"parent":0,"menu_order":0,"comment_status":"closed","ping_status":"closed","template":"","meta":[],"_links":{"self":[{"href":"https:\/\/hestijaudruzenje.rs\/index.php?rest_route=\/wp\/v2\/pages\/322"}],"collection":[{"href":"https:\/\/hestijaudruzenje.rs\/index.php?rest_route=\/wp\/v2\/pages"}],"about":[{"href":"https:\/\/hestijaudruzenje.rs\/index.php?rest_route=\/wp\/v2\/types\/page"}],"author":[{"embeddable":true,"href":"https:\/\/hestijaudruzenje.rs\/index.php?rest_route=\/wp\/v2\/users\/1"}],"replies":[{"embeddable":true,"href":"https:\/\/hestijaudruzenje.rs\/index.php?rest_route=%2Fwp%2Fv2%2Fcomments&post=322"}],"version-history":[{"count":0,"href":"https:\/\/hestijaudruzenje.rs\/index.php?rest_route=\/wp\/v2\/pages\/322\/revisions"}],"wp:attachment":[{"href":"https:\/\/hestijaudruzenje.rs\/index.php?rest_route=%2Fwp%2Fv2%2Fmedia&parent=322"}],"curies":[{"name":"wp","href":"https:\/\/api.w.org\/{rel}","templated":true}]}}