{"id":347,"date":"2023-04-11T09:34:31","date_gmt":"2023-04-11T07:34:31","guid":{"rendered":"https:\/\/hestija5.wordpress.com\/?page_id=347"},"modified":"2023-05-18T09:57:03","modified_gmt":"2023-05-18T09:57:03","slug":"pismo-jedne-majke","status":"publish","type":"page","link":"https:\/\/hestijaudruzenje.rs\/?page_id=347","title":{"rendered":"PISMO JEDNE MAJKE"},"content":{"rendered":"\n<div class=\"wp-block-group is-layout-constrained\"><div class=\"wp-block-group__inner-container\"><div class=\"wp-block-image is-style-rounded\">\n<figure class=\"alignleft size-medium is-resized\"><img decoding=\"async\" loading=\"lazy\" src=\"https:\/\/hestijaudruzenje.rs\/wp-content\/uploads\/2023\/04\/pexels-photo-7480307-2.jpeg?w=200\" alt=\"\" class=\"wp-image-351\" width=\"217\" height=\"325\"\/><\/figure><\/div><\/div><\/div>\n\n\n\n<div class=\"wp-block-query is-layout-constrained\">\n<p>Pismo jedne majke<\/p>\n\n\n\n<p>&#8220;Borba moje \u0107erke sa anoreksijom po\u010dela je pre ne\u0161to vi\u0161e od 10 godina, a njeno putovanje sa izazovima mentalnog zdravlja po\u010delo je mnogo pre toga. Na\u0161a porodica je sve vreme radila ono za \u0161ta smo verovali da je najbolje \u2013 tra\u017eili smo odgovaraju\u0107u pomo\u0107 u pravo vreme, slu\u0161ali profesionalce koji su vodili na\u0161 put i podr\u017eavali na\u0161u \u0107erku na bilo koji na\u010din.<\/p>\n\n\n\n<p><a><\/a>Verovali smo da su profesionalci sa kojima smo imali prvi kontakt stru\u010dnjaci i savet je bio pravi put \u010dak i kada mi je stomak bio u gr\u010du.<\/p>\n\n\n\n<p>Mu\u017e i ja smo upoznali profesionalce koji su pru\u017eili brigu o na\u0161oj \u0107erki.<\/p>\n\n\n\n<p>Nakon zvani\u010dne dijagnoze poreme\u0107aja u ishrani moje \u0107erke, zajedni\u010dki prijatelj me je upoznao sa drugom majkom koja je prolazila kroz isto putovanje. Kona\u010dno sam osetila da nisam sama. Pri\u010dala mi je o udru\u017eenjima i mnogim drugim resursima koji su se \u010dinili kao spas.<\/p>\n\n\n\n<p>Po\u010dela sam da istra\u017eujem pouzdane izvore i da se povezujem sa mnogim drugim porodicama koje prolaze kroz sli\u010dna iskustva.<\/p>\n\n\n\n<p>Uz vo\u0111stvo pravih profesionalaca, grupa za podr\u0161ku poreme\u0107ajima u ishrani i mudrosti drugih porodica na istom putu, uspeli smo da prona\u0111emo pravi put za na\u0161u \u0107erku. Nau\u010dili smo kako da se nosimo sa ovom stra\u0161nom bole\u0161\u0107u. Sve vreme sam \u017ealila za\u0161to nisam sve ove informacije saznala mnogo ranije. Da li sam mogla da spre\u010dim da se desi Anorexija? Da li bih ranije reagovala? Da li bismo izabrali druga\u010diji put le\u010denja?<\/p>\n\n\n\n<p>Iako ne postoji na\u010din da saznam \u0161ta se moglo dogoditi, znam da bi mi znanje koje sada posedujem pomoglo da se ose\u0107am sna\u017enije da se nosim sa ovim. Tako\u0111e znam da \u017eelim sve ovo da podelim sa drugim roditeljima koji se ose\u0107aju izgubljeno i zavedeno, posebno kada medicinski radnici u ranim fazama bolesti, nisu dovoljno opremljeni da pru\u017ee vrstu nege Poreme\u0107aja u ishrani koja je potrebna i koju zaslu\u017euje svako dete.<\/p>\n\n\n\n<p>Na\u0161e putovanje sa anoreksijom nije zavr\u0161eno. Jo\u0161 nije. Vredno radimo na oporavku i slavimo sve pobede na tom putu. Moja \u0107erka je lepa i pametna devojka kojoj treba pomo\u0107 i nega.<\/p>\n\n\n\n<p>Ona je razlog za\u0161to nikada ne\u0107u prestati da se borim sa njom i da osna\u017eujem druge porodice koje prolaze kroz ovo.<\/p>\n\n\n\n<p>Ona je razlog za\u0161to APELUJEM na sistem, zdravstvenu za\u0161titu i dru\u0161tvo da osposobe i pru\u017ee adekvatno le\u010denje i brigu za ljude koji boluju od poreme\u0107aja u ishrani i drugih mentalnih problema! &#8220;<\/p>\n<\/div>\n","protected":false},"excerpt":{"rendered":"","protected":false},"author":1,"featured_media":0,"parent":0,"menu_order":0,"comment_status":"closed","ping_status":"closed","template":"","meta":[],"_links":{"self":[{"href":"https:\/\/hestijaudruzenje.rs\/index.php?rest_route=\/wp\/v2\/pages\/347"}],"collection":[{"href":"https:\/\/hestijaudruzenje.rs\/index.php?rest_route=\/wp\/v2\/pages"}],"about":[{"href":"https:\/\/hestijaudruzenje.rs\/index.php?rest_route=\/wp\/v2\/types\/page"}],"author":[{"embeddable":true,"href":"https:\/\/hestijaudruzenje.rs\/index.php?rest_route=\/wp\/v2\/users\/1"}],"replies":[{"embeddable":true,"href":"https:\/\/hestijaudruzenje.rs\/index.php?rest_route=%2Fwp%2Fv2%2Fcomments&post=347"}],"version-history":[{"count":1,"href":"https:\/\/hestijaudruzenje.rs\/index.php?rest_route=\/wp\/v2\/pages\/347\/revisions"}],"predecessor-version":[{"id":618,"href":"https:\/\/hestijaudruzenje.rs\/index.php?rest_route=\/wp\/v2\/pages\/347\/revisions\/618"}],"wp:attachment":[{"href":"https:\/\/hestijaudruzenje.rs\/index.php?rest_route=%2Fwp%2Fv2%2Fmedia&parent=347"}],"curies":[{"name":"wp","href":"https:\/\/api.w.org\/{rel}","templated":true}]}}