{"id":404,"date":"2023-04-11T11:13:44","date_gmt":"2023-04-11T09:13:44","guid":{"rendered":"https:\/\/hestija5.wordpress.com\/?page_id=404"},"modified":"2023-04-11T11:13:44","modified_gmt":"2023-04-11T09:13:44","slug":"klinike","status":"publish","type":"page","link":"https:\/\/hestijaudruzenje.rs\/?page_id=404","title":{"rendered":"KLINIKE"},"content":{"rendered":"\n<div class=\"wp-block-group is-layout-flow\"><div class=\"wp-block-group__inner-container\">\n<figure class=\"wp-block-image size-large is-resized margin-bottom-none\"><img decoding=\"async\" loading=\"lazy\" src=\"https:\/\/hestijaudruzenje.rs\/wp-content\/uploads\/2023\/04\/misovic-2.jpg?w=1024\" alt=\"\" class=\"wp-image-406\" width=\"778\" height=\"437\" \/><\/figure>\n\n\n\n<div class=\"wp-block-group margin-top-none has-black-color has-text-color has-background has-link-color wp-elements-e2edd67232f23a44b7b556a88dafb8aa is-layout-flow\" style=\"background-color:#ebfbff;margin-top:0px;padding-top:40px;padding-right:40px;padding-bottom:40px;padding-left:40px\"><div class=\"wp-block-group__inner-container\">\n<p class=\"has-large-font-size\"><strong><a href=\"http:\/\/dragisamisovic.bg.ac.rs\/stranice\/c_bolnice_psihijatrija.html#cyr\" target=\"_blank\" rel=\"noreferrer noopener\">KBC \u201eDr Dragi\u0161a Mi\u0161ovi\u0107 Dedinje&#8221;<\/a><\/strong><\/p>\n\n\n\n<p class=\"margin-top-half\" style=\"margin-top:1rem;font-size:18px\">Na <a rel=\"noreferrer noopener\" href=\"http:\/\/dragisamisovic.bg.ac.rs\/stranice\/c_bolnice_psihijatrija.html#cyr\" target=\"_blank\">odeljenju za psihijatriju<\/a> radi se sa adolescentima od 15. godine starosti. <\/p>\n\n\n\n<p class=\"margin-top-half\" style=\"margin-top:1rem;font-size:18px\">Potreban vam je uput od lekara op\u0161te prakse i zakazan termin.<\/p>\n<\/div><\/div>\n<\/div><\/div>\n\n\n\n<div class=\"wp-block-columns is-layout-flex wp-container-5\">\n<div class=\"wp-block-column is-layout-flow\" style=\"flex-basis:33.33%\">\n<figure class=\"wp-block-image size-large\"><img decoding=\"async\" loading=\"lazy\" width=\"640\" height=\"480\" src=\"https:\/\/hestijaudruzenje.rs\/wp-content\/uploads\/2023\/04\/dr.subotic.jpg?w=640\" alt=\"\" class=\"wp-image-383\" srcset=\"https:\/\/hestijaudruzenje.rs\/wp-content\/uploads\/2023\/04\/dr.subotic.jpg 640w, https:\/\/hestijaudruzenje.rs\/wp-content\/uploads\/2023\/04\/dr.subotic-300x225.jpg 300w\" sizes=\"(max-width: 640px) 100vw, 640px\" \/><\/figure>\n<\/div>\n\n\n\n<div class=\"wp-block-column is-layout-flow\" style=\"flex-basis:66.66%\">\n<p class=\"has-large-font-size\"><strong><a href=\"https:\/\/www.nepsido.rs\/\" target=\"_blank\" rel=\"noreferrer noopener\">KLINIKA ZA NEUROLOGIJU I PSIHIJATRIJU ZA DECU I OMLADINU<\/a><\/strong><\/p>\n\n\n\n<p>Na odeljenju za psihijatriju le\u010de se deca uzrasta do 15 godina starosti.<\/p>\n<\/div>\n<\/div>\n\n\n\n<div class=\"wp-block-columns is-layout-flex wp-container-8\">\n<div class=\"wp-block-column is-layout-flow\" style=\"flex-basis:33.33%\">\n<figure class=\"wp-block-image size-large\"><img decoding=\"async\" loading=\"lazy\" width=\"1733\" height=\"1300\" src=\"https:\/\/hestijaudruzenje.rs\/wp-content\/uploads\/2023\/04\/pexels-photo-127873.jpeg?w=750\" alt=\"\" class=\"wp-image-250\" srcset=\"https:\/\/hestijaudruzenje.rs\/wp-content\/uploads\/2023\/04\/pexels-photo-127873.jpeg 1733w, https:\/\/hestijaudruzenje.rs\/wp-content\/uploads\/2023\/04\/pexels-photo-127873-300x225.jpeg 300w, https:\/\/hestijaudruzenje.rs\/wp-content\/uploads\/2023\/04\/pexels-photo-127873-1024x768.jpeg 1024w, https:\/\/hestijaudruzenje.rs\/wp-content\/uploads\/2023\/04\/pexels-photo-127873-768x576.jpeg 768w, https:\/\/hestijaudruzenje.rs\/wp-content\/uploads\/2023\/04\/pexels-photo-127873-1536x1152.jpeg 1536w, https:\/\/hestijaudruzenje.rs\/wp-content\/uploads\/2023\/04\/pexels-photo-127873-1568x1176.jpeg 1568w\" sizes=\"(max-width: 1733px) 100vw, 1733px\" \/><\/figure>\n<\/div>\n\n\n\n<div class=\"wp-block-column is-layout-flow\" style=\"flex-basis:66.66%\">\n<p class=\"has-large-font-size\"><strong><a href=\"https:\/\/imh.org.rs\/\" target=\"_blank\" rel=\"noreferrer noopener\">INSTITUT ZA MENTALNO ZDRAVLJE<\/a><\/strong><\/p>\n\n\n\n<p>Za adolescente mla\u0111e od 15 godina, pomo\u0107 mo\u017eete potra\u017eiti na de\u010djem odeljenju u IMZ u Palmoti\u0107evoj ulici. <\/p>\n<\/div>\n<\/div>\n\n\n\n<div class=\"wp-block-columns is-layout-flex wp-container-11\">\n<div class=\"wp-block-column is-layout-flow\" style=\"flex-basis:33.33%\">\n<figure class=\"wp-block-image size-large is-resized\"><img decoding=\"async\" loading=\"lazy\" src=\"https:\/\/hestijaudruzenje.rs\/wp-content\/uploads\/2023\/04\/imd.png?w=254\" alt=\"\" class=\"wp-image-255\" width=\"250\" height=\"150\" \/><\/figure>\n<\/div>\n\n\n\n<div class=\"wp-block-column is-layout-flow\" style=\"flex-basis:66.66%\">\n<p class=\"has-large-font-size\"><strong><a href=\"https:\/\/www.imd.org.rs\/\" target=\"_blank\" rel=\"noreferrer noopener\">INSTITUT ZA MAJKU I DETE<\/a><\/strong><\/p>\n\n\n\n<p>Na IMD mo\u017eete dobiti pomo\u0107 specijalista iz oblasti ishrane, ginekologije, endokrinologije i ostalih grana. <\/p>\n<\/div>\n<\/div>\n","protected":false},"excerpt":{"rendered":"<p>KBC \u201eDr Dragi\u0161a Mi\u0161ovi\u0107 Dedinje&#8221; Na odeljenju za psihijatriju radi se sa adolescentima od 15. godine starosti. Potreban vam je uput od lekara op\u0161te prakse i zakazan termin. KLINIKA ZA NEUROLOGIJU I PSIHIJATRIJU ZA DECU I OMLADINU Na odeljenju za psihijatriju le\u010de se deca uzrasta do 15 godina starosti. INSTITUT ZA MENTALNO ZDRAVLJE Za adolescente<a class=\"more-link\" href=\"https:\/\/hestijaudruzenje.rs\/?page_id=404\">Continue reading <span class=\"screen-reader-text\">&#8220;KLINIKE&#8221;<\/span><\/a><\/p>\n","protected":false},"author":1,"featured_media":0,"parent":0,"menu_order":0,"comment_status":"closed","ping_status":"closed","template":"","meta":[],"_links":{"self":[{"href":"https:\/\/hestijaudruzenje.rs\/index.php?rest_route=\/wp\/v2\/pages\/404"}],"collection":[{"href":"https:\/\/hestijaudruzenje.rs\/index.php?rest_route=\/wp\/v2\/pages"}],"about":[{"href":"https:\/\/hestijaudruzenje.rs\/index.php?rest_route=\/wp\/v2\/types\/page"}],"author":[{"embeddable":true,"href":"https:\/\/hestijaudruzenje.rs\/index.php?rest_route=\/wp\/v2\/users\/1"}],"replies":[{"embeddable":true,"href":"https:\/\/hestijaudruzenje.rs\/index.php?rest_route=%2Fwp%2Fv2%2Fcomments&post=404"}],"version-history":[{"count":0,"href":"https:\/\/hestijaudruzenje.rs\/index.php?rest_route=\/wp\/v2\/pages\/404\/revisions"}],"wp:attachment":[{"href":"https:\/\/hestijaudruzenje.rs\/index.php?rest_route=%2Fwp%2Fv2%2Fmedia&parent=404"}],"curies":[{"name":"wp","href":"https:\/\/api.w.org\/{rel}","templated":true}]}}