{"id":472,"date":"2023-04-11T15:41:01","date_gmt":"2023-04-11T13:41:01","guid":{"rendered":"https:\/\/hestija5.wordpress.com\/?page_id=470"},"modified":"2023-08-16T11:58:32","modified_gmt":"2023-08-16T11:58:32","slug":"test","status":"publish","type":"page","link":"https:\/\/hestijaudruzenje.rs\/?page_id=472","title":{"rendered":"TEST"},"content":{"rendered":"\n<figure class=\"wp-block-image size-large is-resized has-custom-border is-style-default\"><img decoding=\"async\" loading=\"lazy\" src=\"https:\/\/hestijaudruzenje.rs\/wp-content\/uploads\/2023\/04\/test-1-1.png?w=653\" alt=\"\" class=\"wp-image-471\" style=\"border-radius:0px;border-top-style:none;border-top-width:0px;border-right-style:none;border-right-width:0px;border-bottom-style:none;border-bottom-width:0px;border-left-style:none;border-left-width:0px\" width=\"779\" height=\"1068\"\/><\/figure>\n\n\n\n<p class=\"has-text-color has-huge-font-size\" style=\"color:#8fa36a\"><strong>NE OKLEVAJTE DA POTRA\u017dITE POMO\u0106!<\/strong><\/p>\n\n\n\n<p><strong>DA LI IMATE POREME\u0106AJ U ISHRANI?<\/strong><\/p>\n\n\n\n<p>1. Da li je va\u0161a ishrana restriktivna? (male koli\u010dine hrane, ograni\u010den broj namirnica, \u201czdrava i nezdrava hrana\u201c, \u201cdobra i lo\u0161a\u201c)<\/p>\n\n\n\n<p>2. Da li svakodnevno preska\u010dete po neki obrok?<\/p>\n\n\n\n<p>3. Da li \u010desto dr\u017eite dijetu?<\/p>\n\n\n\n<p>4. Da li brojite kalorije ili masti u hrani koju konzumirate; i da li merite hranu koju jedete?<\/p>\n\n\n\n<p>5. Da li se \u201cpla\u0161ite\u201c izvesne hrane?<\/p>\n\n\n\n<p>6. Da li uzimate hranu da smanjite napetost ili u situacijama stresa? Da li pori\u010dete da ste gladni ili govorite da ste siti i kada jedete veoma malo?<\/p>\n\n\n\n<p>8. Da li izbegavate da jedete u dru\u0161tvu?<\/p>\n\n\n\n<p>9. Da li posle obroka ose\u0107ate napetost, krivicu?<\/p>\n\n\n\n<p>10. Da li razmi\u0161ljate o hrani, konzumiranju hrane, telesnoj te\u017eini vise nego \u0161to bi \u017eeleli?<\/p>\n\n\n\n<p><\/p>\n\n\n\n<p class=\"has-text-color\" style=\"color:#9e3131\"><strong><em>Ukoliko ste odgovorili sa DA na vi\u0161e od tri pitanja, potra\u017eite POMO\u0106!<\/em><\/strong><\/p>\n","protected":false},"excerpt":{"rendered":"<p>NE OKLEVAJTE DA POTRA\u017dITE POMO\u0106! DA LI IMATE POREME\u0106AJ U ISHRANI? 1. Da li je va\u0161a ishrana restriktivna? (male koli\u010dine hrane, ograni\u010den broj namirnica, \u201czdrava i nezdrava hrana\u201c, \u201cdobra i lo\u0161a\u201c) 2. Da li svakodnevno preska\u010dete po neki obrok? 3. Da li \u010desto dr\u017eite dijetu? 4. Da li brojite kalorije ili masti u hrani koju<a class=\"more-link\" href=\"https:\/\/hestijaudruzenje.rs\/?page_id=472\">Continue reading <span class=\"screen-reader-text\">&#8220;TEST&#8221;<\/span><\/a><\/p>\n","protected":false},"author":1,"featured_media":0,"parent":0,"menu_order":0,"comment_status":"closed","ping_status":"closed","template":"","meta":[],"_links":{"self":[{"href":"https:\/\/hestijaudruzenje.rs\/index.php?rest_route=\/wp\/v2\/pages\/472"}],"collection":[{"href":"https:\/\/hestijaudruzenje.rs\/index.php?rest_route=\/wp\/v2\/pages"}],"about":[{"href":"https:\/\/hestijaudruzenje.rs\/index.php?rest_route=\/wp\/v2\/types\/page"}],"author":[{"embeddable":true,"href":"https:\/\/hestijaudruzenje.rs\/index.php?rest_route=\/wp\/v2\/users\/1"}],"replies":[{"embeddable":true,"href":"https:\/\/hestijaudruzenje.rs\/index.php?rest_route=%2Fwp%2Fv2%2Fcomments&post=472"}],"version-history":[{"count":1,"href":"https:\/\/hestijaudruzenje.rs\/index.php?rest_route=\/wp\/v2\/pages\/472\/revisions"}],"predecessor-version":[{"id":659,"href":"https:\/\/hestijaudruzenje.rs\/index.php?rest_route=\/wp\/v2\/pages\/472\/revisions\/659"}],"wp:attachment":[{"href":"https:\/\/hestijaudruzenje.rs\/index.php?rest_route=%2Fwp%2Fv2%2Fmedia&parent=472"}],"curies":[{"name":"wp","href":"https:\/\/api.w.org\/{rel}","templated":true}]}}